 + 2). Suppose h*s + 490 = 40*s. What is the units digit of s?
0
Let n be (-5)/(-2) - (-906)/12. What is the tens digit of n/2 - 21/(-14)*-2?
3
Suppose 2*r + 3 - 35 = 0. Suppose -y + 99 = r. What is the units digit of y?
3
Let a(b) = 1810*b**2 - 11*b - 13. What is the tens digit of a(-1)?
0
What is the tens digit of ((-2295)/108)/(2/(-32))?
4
Let q = 966 + 4743. What is the thousands digit of q?
5
Let l = 9 + 3. Suppose -j - n = -2 - 2, l = 4*j + 3*n. Suppose j = 2*w - 85 + 23. What is the units digit of w?
1
Let z be (-1)/4 - (2 - 3/(-4)). What is the tens digit of (0 - -13) + 6/3 + z?
1
Let a = 1861 + -26. What is the tens digit of a?
3
Let u = -2 - -8. Suppose 5*t + 5*o = 395, 2*t - 3*o + u*o - 161 = 0. Suppose 0*p + t = 4*p. What is the units digit of p?
9
Let b(q) = -q**2 + 11*q - 12. Let h be b(15). What is the units digit of 2 - 11/(11/h)?
4
Let s(y) = 4*y**2 - 44*y + 26. What is the units digit of s(17)?
4
Let m = 24 - 16. Suppose 0 = -m*c + 10*c. Suppose c = 3*o - o - 106. What is the units digit of o?
3
Let y(n) = -5*n**3 - 2*n**2 + 8*n - 3. What is the units digit of y(-6)?
7
Suppose -191 = -2*u - 603. Let x = 301 + u. What is the tens digit of x?
9
Let c = -823 + 1843. Suppose -8*g = 4*g - c. What is the units digit of g?
5
Let w(p) = -p**2 + 49*p - 56. What is the units digit of w(21)?
2
Suppose -800*d + 24220 = -793*d. What is the units digit of d?
0
Let q(f) = -62*f - 825. What is the thousands digit of q(-68)?
3
Let w(g) = 5 + g**2 + 1 + 9*g + 3*g. What is the units digit of w(-15)?
1
Let s(b) = -2*b**2 + 30*b - 6. Let p be (-8)/10*-1*15. What is the tens digit of s(p)?
6
Let m(b) = b**3 + 12*b**2 - 13. What is the units digit of m(7)?
8
Let t = -12 + 87. Suppose 0 = -4*h - 12, 0 = 2*y - 4*h - t - 95. What is the tens digit of y?
7
Let s = -248 - -624. What is the units digit of s?
6
Let x = 166 - 182. Let c be (-3)/((-2)/(-20)*-1). Let u = c + x. What is the units digit of u?
4
Suppose -1268 + 324 = -4*r. Suppose x + 5*w = 41, -4*x - w - w = -r. What is the units digit of x?
1
Let l(p) = 50*p + 29. What is the hundreds digit of l(13)?
6
Suppose -5*g - 7 - 8 = 0. Let y(m) = 6*m**2 + 2*m + 4. What is the units digit of y(g)?
2
Suppose 5*h + 2*y + y - 13 = 0, -4 = -4*h - 4*y. Let r(d) = -68 - d + 68 - d**3 - h*d**2. What is the units digit of r(-5)?
5
Let t(r) = -r**3 + 6*r**2 + 8*r - 7. Let k = 7 + 0. Let d be t(k). Suppose 4*l + 0*f + 3*f - 106 = 0, d = 5*f + 10. What is the units digit of l?
8
Let a be 1/2*(7 + -5). What is the units digit of 0/a + 1624/14?
6
Let b be (-12)/(-90) - 8578/(-15). Suppose p - 5*p = -b. What is the tens digit of p?
4
Let n = -16 - -35. Let u = n + -14. Suppose 2*p - 4*h = 7*p - 56, -4*p + u*h = -53. What is the units digit of p?
2
Let s be ((-24)/16)/((-1)/2). What is the units digit of (-737)/33*s/(-1)?
7
Let a(l) = l**3 - 6*l**2 - 4*l - 2. Suppose -22 = -2*d + d. Let p = d - 15. What is the units digit of a(p)?
9
Let r = 42 - 80. Let x = r - -84. What is the units digit of x?
6
Let v = 120 - -353. What is the tens digit of v?
7
Suppose -1204 = -7*f + 1043. Let h = -173 + f. What is the units digit of h?
8
Let n = -6162 - -12279. What is the thousands digit of n?
6
Let o be (-2)/6 - (-1428)/(-36). Let i = o - -73. What is the units digit of i?
3
Let l = 354 - 344. Suppose -f = -8 - 16. What is the units digit of 60/f*16/l?
4
Suppose -13*c - c + 19754 = 0. What is the units digit of c?
1
Suppose -15*j = -5186 + 1631. What is the units digit of j?
7
Let j(f) = -f**3 + 15*f**2 + 16*f + 8. Let k be j(16). Suppose 3*w = -k - 7. Let h(u) = 2*u**2 - 6*u - 10. What is the tens digit of h(w)?
7
Suppose -w - 33 = -48. Suppose 12*z + 51 = w*z. What is the units digit of z?
7
What is the hundreds digit of -1 - (4/(-5) - (-26166)/(-30))?
8
Suppose -3*s = g + 347, -3*s = -4*g - 0*g + 322. Let v = s + 192. What is the units digit of v?
8
Suppose 239*y + 47418 = 260*y. What is the thousands digit of y?
2
What is the hundreds digit of 6 - (17952/4)/(-8)?
5
Let k(p) = p**3 + 9*p**2 + 11*p - 5. Let c be k(-8). Let x = 51 + c. What is the tens digit of x?
2
Let l be 4/(-5) - 917/35. Let m = 47 - l. What is the tens digit of m?
7
Suppose -o - b = -0*o - 6, 3*b = -5*o + 22. Let i = -770 - -774. Suppose -4*r + r - 150 = -i*t, 0 = 2*t + o*r - 68. What is the units digit of t?
6
What is the tens digit of ((-2)/(-4))/((-10)/(-11140))?
5
Let h(f) = 2*f + 6. Let u be h(0). Let g(z) = 2*z**2 - 2*z + 2. What is the units digit of g(u)?
2
Let m be (-3 + 11/3)/(2/15). Suppose -5*j - 130 = -m*z, -z - 116 = -5*z + j. What is the tens digit of z?
3
Let j(v) = -13*v - 51. Let c be j(-6). Suppose 5 = -4*d + 13. Suppose -3*b - c = -2*i - d*b, 0 = i - 2*b - 21. What is the units digit of i?
1
Suppose 2*i - 2 = 8. Let b(d) be the third derivative of d**5/30 - 5*d**4/24 + 11*d**3/6 + 5*d**2. What is the units digit of b(i)?
6
Let r = 32 - 26. Suppose 0 = -s + 12 - r. What is the tens digit of (-1498)/(-63) - s/(-27)?
2
Let v = -338 - -499. What is the tens digit of v?
6
Suppose -17*y + 18*y - 792 = 0. What is the tens digit of y?
9
Let c = -3052 + 5161. What is the tens digit of c?
0
Let j = 1582 - 115. What is the thousands digit of j?
1
Suppose -3*u - 5 = -14. Let o(r) = u*r - 2*r - 7 + r**2 - r - r. What is the units digit of o(-6)?
5
Let q(g) = g**2 - 4. Let h(t) = t**2 + 5*t + 5. Let s be h(-4). Let x be s/1 + 5 + -1. What is the units digit of q(x)?
1
Suppose -15*h + 39 = l - 16*h, 0 = -4*l + 5*h + 159. What is the units digit of l?
6
Let z(i) = 2*i**2 + 1. Let s be z(1). Suppose -2*y - 94 = -s*y. Suppose -5*h - 4*c = -113, 0 = 4*h - 0*h + 5*c - y. What is the tens digit of h?
2
Let i = 2468 + -2002. What is the hundreds digit of i?
4
Let w(j) = -2*j**2 - 24*j - 14. Let a(t) = -t - 6. Let l be a(4). What is the units digit of w(l)?
6
Let h be 112/20*(14/4 + -1). Let f = 4 + h. What is the tens digit of f?
1
Let k(j) = -j**2 + 3*j + 2. Let h be k(0). What is the tens digit of (-4175)/(-35) - h/7?
1
Let q(p) = -p**2 + p - 12. Let y be q(0). Let w = y - -12. Suppose -49 = -5*m + 4*z, w = 5*m + 3*z - 8*z - 45. What is the units digit of m?
3
Suppose -654*y = -642*y - 16068. What is the hundreds digit of y?
3
Let d(o) = o**3 + 9*o**2 + 7*o - 5. Suppose -12 = -6*x + 2*x. Suppose 28 = -x*a - a. What is the units digit of d(a)?
4
Let l = 344 + 46. What is the hundreds digit of l?
3
Suppose 0 = 8*b - 16982 + 2630. What is the units digit of b?
4
What is the tens digit of (14/(-8))/((-7)/1260)?
1
Let u = 989 + -827. What is the hundreds digit of u?
1
Let b = 233 - 410. Let t = 261 + b. What is the tens digit of t?
8
Let v(a) = a**3 - 10*a**2 + 12*a. Let k be v(8). What is the units digit of 4 + (3 - (3 + k))?
6
Let k(s) be the first derivative of -4 + s**3 + 1/4*s**4 - 3*s - s**2. What is the units digit of k(3)?
5
Suppose 2*w - 5*w = 0. Suppose w = -19*f + 14*f + 40. Suppose -4*g + 300 - f = 0. What is the tens digit of g?
7
Suppose -122 = 4*n - 42. Let k be (-2)/8 + 75/n. What is the tens digit of 12/1*(-4)/k?
1
Let g(d) = -d**3 - 8*d**2 + 31*d + 71. What is the units digit of g(-13)?
3
Let a = -23 - -41. What is the tens digit of a/(-12) - 125/(-2)?
6
Suppose -90*c + 346796 = 38276. What is the hundreds digit of c?
4
Let i be (4/3)/((-10)/(-15)). Suppose -m + 22 = -n, -3*m + i*n + 78 = m. What is the units digit of m?
7
Let i be ((-4)/6)/(5/(-30)). Suppose -i*j + 7 = 71. What is the tens digit of (-188)/j - 12/16?
1
Let h(d) = -8*d + 16. Let n be h(8). What is the units digit of 4/7 - n/14?
4
Suppose -9*x + 4*x = 195. Let u = x - -89. What is the units digit of u?
0
Let a(n) = -n**3 - 3*n**2 - 3*n + 2. Let s be a(-7). Suppose -2*i = i + s. Let z = 108 + i. What is the units digit of z?
5
Suppose -41*t = -28*t - 13611. What is the tens digit of t?
4
Suppose 7*i = 1686 + 1877. What is the tens digit of i?
0
What is the tens digit of (-6)/(-3) + 480 - -7?
8
Let h be (-3)/(-12) + (-38)/(-8). Suppose 0 = -h*q - g + 15, -5*g + 7 + 10 = -4*q. Suppose -j = -q*j + 31. What is the units digit of j?
1
What is the units digit of 5/(-3) + (359310/(-45))/(-7)?
9
Let f be (-14)/(-105) - 328/(-15). Let c = -24 + f. Let n(w) = -32*w - 5. What is the units digit of n(c)?
9
Suppose 4*a = 19 - 23. Let m(s) = -8*s - 1. What is the units digit of m(a)?
7
